0
Let h(d) = d**2 - 9*d + 1. Let i(k) = 2*k**2 - 14*k + 14. Let g be i(6). Suppose 0 = -g*q + 3*b + 18, q + 22 = 4*q - 2*b. Determine h(q).
-17
Suppose -1 + 8 = -f + 3*a, 0 = 3*f - 5*a + 17. Let n be (15/(-10))/(2/f). Let h(q) be the third derivative of q**4/8 - q**3/6 + 9*q**2. Determine h(n).
8
Let y(b) = 4*b + 3. Suppose a + 4*u = -19, 0 = -33*a + 28*a + 5*u + 30. What is y(a)?
7
Let z(i) = 7*i**3 + i. Suppose -2*h - 1 = -h. Calculate z(h).
-8
Let p(h) = -7*h - h**3 + 17*h**2 + 12*h**2 + 4 - 23*h**2. Calculate p(5).
-6
Let x(q) be the second derivative of -q**3/6 - 11*q**2/2 + 128*q. What is x(-8)?
-3
Suppose 88 - 80 = -2*n. Let j = -1 - -4. Let r(i) = -6*i - j - i**2 + 5 - 5. Give r(n).
5
Suppose -7*m = 24*m. Let b(r) = r**3 - r**2 + 6. Give b(m).
6
Let p(l) = 1 - 5*l + 2*l + 5*l. Let x = -731 + 732. Determine p(x).
3
Let i(h) be the third derivative of 1/60*h**5 + 0*h - 1/2*h**3 - 17*h**2 + 0 + 1/24*h**4. Determine i(-4).
9
Let x(r) be the first derivative of -r**4/4 + r**3/3 + 2*r**2 - r - 175. Give x(-3).
23
Suppose 12 - 4 = 2*w. Suppose w*p - 170 + 10 = 0. Suppose -5*r + 4*f + p = -2*r, 5*r + f - 36 = 0. Let j(d) = -d**3 + 7*d**2 + 9*d - 9. Determine j(r).
-1
Let k(l) = -2*l - 3. Suppose 5*y - 3 = -18, -y + 17 = -5*i. Let p(h) = h**3 - 7*h**2 + 7*h - 5. Let a be p(6). Let t = i - a. Determine k(t).
7
Let f(r) = r**3 + 6*r**2 + 5*r + 3. Let n(x) = -x**2 + 8*x - 7. Let d be n(7). Suppose d = 4*z + 1 + 3. Let c be 0 + 1 + 6/z. What is f(c)?
3
Let r(m) = -2*m - 6. Suppose y + 3*y - 19 = w, 0 = 3*y + 4*w. Let c(t) = 6*t + 5 + t - 4*t. Let u(o) = y*r(o) + 5*c(o). What is u(-2)?
-13
Let d be (1 - 1) + 1 + -3. Suppose -4*m - 5*g = -33, -4*m = -0*m - 2*g + 2. Let u(h) = 2*h - 41*h**m - h - 2 + 43*h**2. Calculate u(d).
4
Let f(o) = -484 + o + 0*o + 478. Suppose -c + 9 + 8 = -3*q, 28 = 4*c - 2*q. Determine f(c).
-1
Let a(p) = p**2 + 3*p - 2. Suppose 0 = 25*o + 12 - 37. Determine a(o).
2
Suppose 0 = 2*w + 6, 11 = -n + 5*n - w. Suppose g - n*g - 1 = 0. Let y(x) = 14*x. Determine y(g).
-14
Let q(n) be the first derivative of -n**3/3 - 6*n**2 - 9*n - 229. Give q(-12).
-9
Suppose 0 - 6 = -3*v. Suppose 0 = p - 5*i, 0*i + 25 = 4*p + 5*i. Suppose -5*s + v = -3*s, -p*f - s = 29. Let b(w) = -w**2 - 6*w - 2. Give b(f).
-2
Let l(k) = 2*k**2 + 8*k - 4. Let x be l(-4). Let a be 30/(x*(-6)/16). Suppose 2*z - 5*z = -4*f + 39, 0 = 4*z + a. Let b(d) = d - 8. Determine b(f).
-2
Let m(p) = p**3 - 5*p**2 - 13*p - 5. Let o be m(7). Suppose -5*r + r = -24. Suppose 0 = 3*c - o*c + r. Let t(k) = -k**3 - 7*k**2 - 6*k + 7. What is t(c)?
7
Let m = 1 + -14/15. Let t(a) be the third derivative of 1/60*a**6 + m*a**5 + 0*a - 2*a**2 + 0 + 1/12*a**4 - 1/3*a**3. Give t(-2).
-6
Let i(b) be the second derivative of 1/20*b**5 + 0*b**4 - 2*b + 0 + 0*b**3 - 3*b**2. Let d be i(0). Let p(t) = t - 2. Determine p(d).
-8
Let a = -10 - -1. Let t(b) = -b - 91 - 93 + 179. Give t(a).
4
Let j = 419 + -417. Let q(d) = -11*d + 2. Determine q(j).
-20
Let x(h) = -h**2 + 10*h - 12. Let r = -254 - -260. Give x(r).
12
Let i(s) = -s**3 + 2*s**2 + 4*s - 2. Let r be i(3). Let w(y) = 2*y - r - 1 - 1 + 6. Determine w(-3).
-3
Let j(z) be the first derivative of -z**4/24 + 4*z**3/3 - 6*z**2 - 16. Let f(r) be the second derivative of j(r). Give f(-7).
15
Let x(y) = -y**3 + 6*y**2 + 7*y + 4. Let k(c) = -c - 1. Suppose -4*z - 4 + 0 = 0, -5*z = 3*a + 2. Let t = -9 + a. Let h be k(t). Give x(h).
4
Let l = 15 + -13. Let r(h) = -8*h + 2032*h**3 - 2031*h**3 - 6*h**l + 0 + 10. What is r(7)?
3
Let z(b) be the first derivative of 4*b**2 + 1/3*b**3 + 30 + 7*b. Determine z(-6).
-5
Let s(g) = -7*g - 3. Let k(a) = a + 1. Let h(p) = 10*k(p) + 2*s(p). Give h(8).
-28
Suppose 5*w - 17 - 3 = 0, 4*a + 4 = 2*w. Let t(d) = -4*d - 5. Let m(l) = l + 2. Let g(f) = 5*m(f) + 2*t(f). Determine g(a).
-3
Let n(d) = 199*d + 2 - 196*d - d**2 - 2. Give n(2).
2
Let u(v) = 2*v**3 + 3*v**2 + 3*v + 1. Let q = 9 + 0. Let n be q - (-3 + 9/3). Let s(d) = d**3 - 8*d**2 - 8*d - 11. Let o be s(n). What is u(o)?
-9
Let a(t) be the third derivative of 0 + 1/3*t**4 + 0*t - 7/6*t**3 - 1/60*t**5 - 12*t**2. Determine a(6).
5
Suppose 42*a - 29*a - 104 = 0. Let t(n) = -n**2 + 14*n - 47. Calculate t(a).
1
Let w be (3 + -4 + 3)*41. Let t(m) = 46 + 39 - m - w. Determine t(-7).
10
Let g(k) = k**3 + 9*k**2 - 8*k + 21. Suppose -5*u + 25 = 0, 3*u = 4*v - 0*u + 55. Let q be g(v). Let r(s) = s**3 - 1. What is r(q)?
0
Let y(g) be the third derivative of 0*g + 0 + g**2 - 1/6*g**4 - 1/2*g**3. Suppose -2 = -3*p + 2*c, 3*p - 4*p - 10 = 2*c. What is y(p)?
5
Let v(a) = -2 + 3*a + 2 + 6. Let m(w) = 26*w + 2 - 8*w - 17*w. Let j(x) = -7*m(x) + 2*v(x). What is j(-5)?
3
Suppose 7*q = 2*c + 2*q + 26, -c - 3*q = -9. Let d(z) = -3*z**3 + 2*z. Let w(s) = 16*s**3 - s**2 - 9*s + 1. Let i(t) = 11*d(t) + 2*w(t). Give i(c).
-1
Let k(g) = 8*g**2 - g + 1. Let p(a) = a**3 + 4*a**2 + 3*a + 4. Let r be p(-3). Let d be (8/r)/(1/2). Suppose -u - y = -d*u - 1, -5*y = -20. Determine k(u).
8
Suppose -3*k + 6*k = 3*q + 36, 7 = k + 4*q. Let j(c) = -k + 0*c - c + 6 + 7. Give j(7).
-5
Let n(t) = -t**2 + 17*t + 24*t + 23 + 5*t - 31*t. Calculate n(16).
7
Let b be 4/((-9)/(-135) - 1/(-3)). Let k(s) = -s**2 + 13*s + 6. Determine k(b).
36
Let x(g) = 3*g**2 + 2*g + 1. Suppose 3*j + 1 = -2*y, 4*j + 3*y = -1 - 0. Let p be x(j). Suppose 5*q - 16 = -p*b, -b + 2 + 3 = q. Let f(k) = -k. Give f(b).
-3
Suppose 8*t - 367 = -327. Let b(k) = k**2 - 7*k - 1. What is b(t)?
-11
Let d = 2 + -2. Suppose 9*b = 6 + 183. Let v(f) = 13 + 17 - b + f**2. Determine v(d).
9
Let n = -93 + 96. Let t(y) = -13 - 4*y - n + 7*y - 4*y. Determine t(-9).
-7
Suppose -3*d - 4*i = 2 - 3, -3*i + 6 = 4*d. Suppose 99 = d*u + 8*u. Let o(p) = -p + 12. Calculate o(u).
3
Let z(s) be the third derivative of s**6/120 + 7*s**5/60 - s**4/24 - s**3/3 - 2*s**2 + 62*s. Give z(-7).
5
Let m = -684 + 680. Let s(l) = l**3 + 4*l**2 - l - 6. Give s(m).
-2
Let s be (28/(-6))/((-5)/30). Let i be (s/35)/((-4)/(-10)). Let j(g) = -i*g - 15 + 11 - 3*g - 2*g**2. Calculate j(-3).
-7
Let w(p) = p**3 - 8*p**2 + 6*p + 10. Suppose 272 - 90 = 26*y. What is w(y)?
3
Let y(r) be the third derivative of r**6/60 + r**4/24 - r**3/6 - 25*r**2 - 2*r. Determine y(-2).
-19
Let v(m) be the first derivative of -m**4/4 + 10*m**3/3 + 13*m**2/2 - 2*m + 155. Give v(11).
20
Let i(l) = l**2 - 5*l + 3. Suppose h = -3*t + 7, -3*h + 6 = -t + 25. Suppose -2*v = -3*x - 7*v + 16, -t*x + 3*v + 2 = 0. Let y be 1*(1 + x - 0). Determine i(y).
-3
Let g(q) be the third derivative of q**6/120 - q**5/60 + q**4/24 + q**3/3 - 159*q**2. Give g(-2).
-12
Let l(n) = 1 + 5*n**2 + 5*n**2 - 11*n**2 + 19*n + 20*n - 31*n. Give l(4).
17
Let q(s) = 10*s**3 - 20*s**2 + 4*s - 26. Let i(m) = -3*m**3 + 7*m**2 - 2*m + 9. Let u(o) = 7*i(o) + 2*q(o). What is u(8)?
27
Let c(x) = -x + 20. Let t be c(16). Let o(b) = -9*b**3 + t - 1 - 4. Give o(-1).
8
Let l(i) = -7 + 270*i + 274*i - i**2 - 534*i. Determine l(9).
2
Let l(z) be the first derivative of 1 - 2*z + 3/2*z**2. Give l(-3).
-11
Let p(o) = 3*o + 20. Let r(q) = -24*q + 18. Let x be r(1). Calculate p(x).
2
Let n(m) be the first derivative of 3*m**2 - 4*m + 105. What is n(-4)?
-28
Suppose 5*z - 2*g = 3*z + 50, -5*g - 41 = -2*z. Let y(i) = 59*i**2 - 32*i**2 - 7*i - z*i**2 - 6. Calculate y(-6).
0
Let l(g) = g**3 - 4*g**2 + 2. Suppose 4*v - 4*j = 36, -2*j - 32 - 16 = -5*v. Suppose -2 = -11*u + v*u. Calculate l(u).
-6
Let d(b) = -2*b + 4*b - 1 + 712*b**2 + 0*b - 715*b**2. What is d(1)?
-2
Let x(d) be the first derivative of -9 + 3*d - 1/2*d**2. Let v be x(3). Let t(f) = -f**3 - f**2 + 2. Calculate t(v).
2
Suppose 51*z + 85 + 17 = 0. Let p(j) = 4*j - 3. Give p(z).
-11
Let v(f) = -f**3 + 4*f**2 - f - 3. Suppose -9 = 5*b - 9. Suppose b = j + 2*j - 9. Determine v(j).
3
Let w(c) = c**2 - 8*c + 8. Suppose -87*f = -90*f + 39. Let j = f + -5. What is w(j)?
8
Let q(j) = -j**3 - 7*j**2 - 5*j - 5. Let g be 0 - ((-54)/63)/(1/(-7)). Calculate q(g).
-11
Let m(h) = h**2 + 5*h + 2. Let o(g) = -g - 25. Let z be o(-17). Let x = z - -4. Give m(x).
-2
Let q(n) be the first derivative of -n**4/4 - n**3 + 5*n**2/2 - n - 1. Let l(i) = 267*i - 16558. Let f be l(62). Determine q(f).
-5
Let h(y) be the third derivative of -y**5/60 + y**4/24 + y**3 + 26*y**2. Let a = 2 + -3. Let u be (-1 - a - 0) + 0. Ca